tors of (0 + -6 + y)/(-2).
2, 23
Suppose -119 = -7*f + 511. Let p = 11 + -16. Let s = p + f. List the prime factors of s.
5, 17
Let y be (-12)/(-30)*3*740. Let c = y + -578. List the prime factors of c.
2, 5, 31
Suppose 2*h + 20812 = 2*k, 2*h + 1434 = -2*k + 22230. List the prime factors of k.
2, 7, 743
Suppose -7*h = -100 + 135. What are the prime factors of (-4)/h - 4890/(-75)?
2, 3, 11
Suppose -24 = -3*d - 5*z + 37, z - 17 = -d. Let b = -10 + d. Suppose 0 = -4*j + 2*t - 0*t + 220, -5*j + b*t + 275 = 0. What are the prime factors of j?
5, 11
Let r(o) = 3*o**3 + 2*o**2 - o + 1. Let h be r(1). Suppose 0 + 35 = h*q. Suppose -667 = -q*b + 390. What are the prime factors of b?
151
List the prime factors of ((-1)/(-2))/(10/816095) + 2/8.
5, 8161
Let d(p) = -2*p**2 - 14*p - 10. Let k be d(-6). Let u be (1452/(-10))/(k/(-5)). Let t = -219 + u. List the prime factors of t.
2, 3
Suppose -2*n - 1438 = -4*s - 0*s, 5*n = 4*s - 1429. Let v = 857 - s. What are the prime factors of v?
2, 31
Let k(c) = 2*c**3 - 2*c**2 - 3*c + 157. Let p be k(0). Let r = 302 + p. List the prime factors of r.
3, 17
Suppose -3*s + 62152 = q, -109*q - 310710 = -114*q - 5*s. What are the prime factors of q?
62137
Let a(o) = -3*o**3 - 83*o**2 - 23*o - 254. What are the prime factors of a(-36)?
2, 16487
Let u be ((-2)/5)/1 + (-4392)/(-180). Suppose 2772 = u*w - 1812. List the prime factors of w.
191
List the prime factors of 1 - -14920 - (21 - 8).
2, 3727
Let w = -73 + 116. Let p = 56 + -49. Let t = w - p. List the prime factors of t.
2, 3
Suppose 29266 = n + 4*z, -17*z + 20*z = -3*n + 87789. What are the prime factors of n?
2, 3, 4877
Let j = -22304 + 37618. What are the prime factors of j?
2, 13, 19, 31
Suppose -22*i + 91905 = -17215. List the prime factors of i.
2, 5, 31
Let v(r) = 144*r - 40. Let j(i) = 142*i - 39. Let c(h) = 7*j(h) - 6*v(h). What are the prime factors of c(5)?
617
Suppose 0 = 17*t - 7976 - 1051. Let a = 959 - t. What are the prime factors of a?
2, 107
Let k(t) = 1031*t - 108. List the prime factors of k(11).
47, 239
Let t be (5 - 0) + 2*-1*2. Let c(g) = -50*g + t - 1 - 6. List the prime factors of c(-3).
2, 3
Suppose 6 = -4*j + 6*j, 4*d - 5*j = 11181. Suppose d = -17*f + 8545. List the prime factors of f.
2, 13
Let r be ((-10)/6)/(25/(-30)). Suppose -r*u - 5 - 177 = 0. Let d = -16 - u. What are the prime factors of d?
3, 5
Let q(s) = 433*s - 6. Let o be q(-1). Let g = 828 + o. What are the prime factors of g?
389
Let z(b) = 6*b**2 + 15*b + 16. Let m be z(-17). Suppose -m = -8*f + 1249. List the prime factors of f.
7
Suppose -4*i = -c - 155930, -2 = 96*c - 97*c. List the prime factors of i.
7, 5569
Suppose 4*c - 11220 = -7*c. Suppose 6*v = c + 1428. Suppose -23*t + v = -19*t. What are the prime factors of t?
2, 3, 17
Suppose 134*x - 73*x + 502096 = 69*x. List the prime factors of x.
2, 7, 4483
Suppose 0 = -3*i + 4*x - 18, 4*i + 16 = -4*x - 8. What are the prime factors of (i - (1 - 48)) + 1?
2, 3, 7
What are the prime factors of (-4368)/(-2) - (-12 - -6)?
2, 3, 5, 73
Let k = 19898 - 18013. List the prime factors of k.
5, 13, 29
Let k be (-268)/(-6) + 2/(-3). Let x(q) = q**3 - 12*q**2 - 2*q + 26. Let i be x(12). Suppose -l - k = -i*l. List the prime factors of l.
2, 11
Let b = -69 - -266. Suppose 68 = -s - b. Let r = 513 + s. What are the prime factors of r?
2, 31
Suppose r - 3037 = -2*q + 7813, 0 = 4*r - 5*q - 43387. What are the prime factors of r?
2, 3, 113
Let t(z) = z**3 + 17*z**2 + 18*z + 29. Let v be t(-16). Let u = v - 117. Let k = 25 - u. What are the prime factors of k?
5, 29
Suppose 2*d - 8 = 0, -7*v + 8*v - 3*d - 9523 = 0. List the prime factors of v.
5, 1907
Let s(x) = -4*x**2 - 33*x - 4. Let g be s(-8). Suppose -g*m + u = m - 2451, 5*m - 2453 = 3*u. What are the prime factors of m?
2, 5, 7
What are the prime factors of (40/15*(-14139)/(-20))/(2/10)?
2, 3, 1571
What are the prime factors of 2361/3148 - ((-117)/15)/(8/26470)?
3, 7, 1229
Let i(k) = 1242*k + 352. What are the prime factors of i(5)?
2, 17, 193
Let w be (5/3)/(4/(3 + -15)). Let d be (25 - -3)*w/5. Let n = d - -83. What are the prime factors of n?
5, 11
Let m(q) = -q + 2*q - 22 + 16*q + 4*q**2 - 3*q. Let p be m(-11). Suppose -10*t + p = -6*t. What are the prime factors of t?
7, 11
Let j(c) = -c**3 + c**2 + c - 1. Suppose -5*t - 5*n + 50 = 0, -5*t - 2*n = n - 40. Let v = t + -7. What are the prime factors of j(v)?
3
Suppose -13*c - 6*c + 17651 = 0. Suppose -4*h + 379 = 4*w - c, -2*w - h + 653 = 0. What are the prime factors of w?
2, 163
Let c = 16 + -5. Suppose 3*s - 410 = 175. Suppose -4*h = -l + c - s, -l = 2*h - 92. What are the prime factors of h?
2, 23
Let n = 101 + -109. Let u(w) = w**3 + 12*w**2 + 4*w - 7. What are the prime factors of u(n)?
7, 31
Let k = -7128 - -25684. What are the prime factors of k?
2, 4639
Let q(j) = 14*j**3 + 5*j**2 + 7*j + 7. Let y be q(-3). Let w = y - -93. Let l = w - -436. List the prime factors of l.
2, 7, 13
Let a(p) = 412*p**2 - 546*p + 2154. List the prime factors of a(4).
2, 17, 193
Suppose -350 = 7*i - 2*i. Let o(q) = 70*q + 765. Let l be o(-12). Let r = i - l. What are the prime factors of r?
5
List the prime factors of (-11)/(165/6) + 210164/10.
2, 37, 71
Suppose 0*s - 4*j + 232 = 2*s, -5 = -5*j. Let n = 68 + -47. Let w = s - n. What are the prime factors of w?
3, 31
Let s(u) = -u**2 - 2*u + 5. Let o be s(-3). Suppose 5*p + 20 = 0, 0 = -q - o*p + 359 + 279. List the prime factors of q.
2, 17, 19
Suppose -201*f = -198*f + 2*c - 17962, -4*f + 23956 = 4*c. What are the prime factors of f?
2, 11, 17
Let y(x) = x**2 + x - 1. Let v(z) = -4*z**2 - 8*z - 28. Let i(m) = v(m) + 5*y(m). Let w be i(8). Suppose -o + w*o = 876. List the prime factors of o.
2, 73
Suppose 0 = -c + 43 + 1748. What are the prime factors of c?
3, 199
Let k = 19148 + 50628. List the prime factors of k.
2, 7, 89
Suppose n + 0 = 10. Let i be (0/(-2))/(n/5). Suppose i = 7*z - 1039 + 87. What are the prime factors of z?
2, 17
Let x = 91564 - 61356. What are the prime factors of x?
2, 59
Suppose -27*d - 9 = -30*d. Suppose 2*m - 6*m + 2544 = 0. Suppose 4*h - d*f = m, -2*h + 5*f = 2*h - 644. List the prime factors of h.
2, 3, 13
Suppose 41394 = 4*n - w, 81 = 3*w + 99. List the prime factors of n.
3, 3449
Suppose -105*y + 98*y + 69524 = 0. What are the prime factors of y?
2, 13, 191
Suppose -2*v = 5 + 5. Let x(y) = -6*y**2 + 19*y + 47. Let k(m) = -3*m**2 + 10*m + 24. Let l(w) = 5*k(w) - 3*x(w). What are the prime factors of l(v)?
89
Suppose 12*u = 65 - 5. Suppose k = -4, 591 = 3*q - u*k + 2*k. What are the prime factors of q?
193
Suppose 30 = k + 3*l + 10, -4*l + 20 = 0. Let g = 123 - k. Suppose -5*p + g = 4*f - 220, -3*f + 131 = 2*p. What are the prime factors of p?
2, 5, 7
Let n(a) = -2*a**3 + 35*a**2 + 5*a + 113. List the prime factors of n(-20).
30013
Suppose 3*y - 19 = -10. Let j(s) = 3*s**3 - 4*s**2 + 9*s - 5. What are the prime factors of j(y)?
67
Suppose -203*c + 47*c + 3377400 = 0. List the prime factors of c.
2, 5, 433
Suppose -3*k + 57*k - 458406 = 0. List the prime factors of k.
13, 653
Let k = 120 - 118. Suppose -d = -2*d + 4*r + 151, -k*d = -r - 267. Suppose 4*j - 1025 = z, -2*z + 132 = j - d. What are the prime factors of j?
257
List the prime factors of (384/(-288))/(1/(-3909)*2).
2, 1303
Suppose -185*h = -201*h + 928. Suppose 3*f + 5*w - 724 = h, 0 = 3*f + 2*w - 779. What are the prime factors of f?
7, 37
Let r be 3/(-2)*-2*(1 + 138). Let t = 646 - r. List the prime factors of t.
229
Let g = -65 + 58. Let q be ((-12)/10)/(g/(-2835)). What are the prime factors of q/15*(-10)/4 + 3?
2, 3, 7
Suppose 3*t - 17 = 2*r, t = r + 6*t - 11. Let c(l) = 28*l**2 + 14*l - 4. List the prime factors of c(r).
2, 97
Let x be 4*2*(-13)/26*-1. Suppose 1732 = s - 4*h, x*h = 5*s - 6779 - 1913. What are the prime factors of s?
2, 3, 5, 29
Suppose -26097 + 167328 = 3*n + 1260. What are the prime factors of n?
13, 37, 97
Let a(s) = 44*s**2 - s + 12*s**2 - 12*s**2 - 6 - 5*s. What are the prime factors of a(-1)?
2, 11
Suppose 2*k = -b + 5*k + 8, 2*k - 18 = -4*b. Suppose -4*l + 1596 = -b*d, -d = 5*l + 306 - 2272. What are the prime factors of l?
2, 197
Let t be ((-8)/10)/((-14)/70) + 24. Suppose -t = v - 193. What are the prime factors of v?
3, 5, 11
Suppose -171*h + 4758738 = 773925. List the prime